2?
40
Suppose -u + 13 = 2*c, 2*u - 24 = -c - 2*u. Suppose -2*s + 56 = 5*y, c*s - 106 = -2*y + 6. Let d = 47 - 32. What is the remainder when s is divided by d?
13
Suppose -1 = 3*o - 7. Suppose 0 = d + u - 2, d + u = -o*u. Let s = -2 + 7. What is the remainder when s is divided by d?
2
Suppose 0*d - 63 = -3*d. Let x = d - 2. Let t(q) = 2*q**2 + 7*q + 6. What is the remainder when x is divided by t(-4)?
9
Let c(k) = k**2 - 11*k + 9. Let i be c(10). Let r = i + 2. Suppose 0 = -q + p + 28, 3*p = r + 2. What is the remainder when q is divided by 15?
14
Let l = -10 + 18. Suppose -2*x - 3*x + 155 = 0. Calculate the remainder when x is divided by l.
7
Let d be (-1)/(4/136*-1). Suppose 0 = o - d - 29. Calculate the remainder when o is divided by 22.
19
Let w = 16 - 25. Calculate the remainder when ((-44)/3)/(6/w) is divided by 8.
6
Let s = 57 - 41. Calculate the remainder when 30 is divided by s.
14
Calculate the remainder when ((-603)/(-12))/((-15)/(-20)) is divided by (-1)/((-2)/44) + 1.
21
Let p = 37 - -16. Suppose -u - 4*n = 6, -5*n + 6 = u + 16. Let f = u + 8. Calculate the remainder when p is divided by f.
17
Let j(n) = -n**3 - 5*n**2 + 4. Let l be (2 + -3)/(2/(-10)). Let u(k) = -k - 1. Let v be u(l). What is the remainder when j(v) is divided by 14?
12
Let j(k) = k - 22. Let m be j(0). Let b = m - -35. Let q(f) = f**3 + 5*f**2 - 6*f + 7. Calculate the remainder when q(-5) is divided by b.
11
Suppose 0*b = 8*b - 280. What is the remainder when b is divided by 13?
9
Let o = -29 + 53. Calculate the remainder when 69 is divided by o.
21
Suppose 2*f = 25 + 13. What is the remainder when f is divided by 10?
9
Let l = 59 + -30. Let j = -11 - -5. Let t = j + l. What is the remainder when t is divided by 8?
7
Let m = 86 - 36. Let b = 3 - -23. What is the remainder when m is divided by ((-1)/(-2))/(1/b)?
11
Suppose -c - 2*l = 12, -2*c - 18 = 5*l + 4. Let b be (c + 6)*(-10)/4. Calculate the remainder when 47 is divided by 595/b + 1/5.
23
Let n(d) = -3*d**3 + d**2 - d - 1. Let v be n(-1). Suppose -v = -2*h + 6*h. Let l = 13 - h. Calculate the remainder when 25 is divided by l.
11
Let l(p) = 6*p + 31. Let m(z) = 3*z + 15. Let g(q) = -2*l(q) + 5*m(q). Calculate the remainder when g(11) is divided by 24.
22
Suppose 0 = -4*t, -5*t - 10 = 5*h - 40. Let s be (-98)/(-5) + (-2)/(-5). Let f = s + -9. What is the remainder when f is divided by h?
5
Let o(f) = 4*f - 19. What is the remainder when o(11) is divided by 13?
12
Let r(z) = -z - 3. Suppose 6*l - 12 = 3*l. Suppose -2*a + a + 3 = b, b = -l*a + 9. What is the remainder when b is divided by r(-4)?
0
What is the remainder when 104 is divided by ((-15)/(-60))/((-2)/(-56))?
6
Suppose -5*h + 20 = 2*t, 2*h = -4*t + t + 19. Suppose 65 = 2*d + 3*d + 5*k, 0 = h*k - 4. What is the remainder when d is divided by (-20)/6*36/(-20)?
5
Let k = 11 + -5. Calculate the remainder when (-15)/(-1 - 3/k) is divided by 6.
4
Let f = 20 + -17. What is the remainder when 10 is divided by f?
1
Let h(o) = o**2 - 5*o + 19. Calculate the remainder when h(9) is divided by 28.
27
Suppose -f = -5*f + 20, f = 3*b - 43. What is the remainder when 62 is divided by b?
14
Let p be -1 + -2 - (2 + -8). Suppose 0 = -3*d - 5*v + 52, p*v - 61 = -5*d - 1. What is the remainder when 24 is divided by d?
6
Suppose -31 = -3*c - m, -5*c + 4*m + 21 = -42. What is the remainder when 23 is divided by c?
1
Let w = -21 + 34. Suppose 5*s - 20 = 2*l, -4*s - 4*l = -2*l - 16. What is the remainder when w is divided by s?
1
What is the remainder when 13 is divided by 2/(-4) + (-19)/(-2)?
4
Suppose 0*k - 6 = -3*k - 4*a, -2*k + 9 = a. Suppose 22 = 4*d + k*u - 4*u, 3*d + 3*u - 24 = 0. Calculate the remainder when 7 is divided by d.
1
Let a(h) = h**2 - 3. What is the remainder when a(3) is divided by -2 - 0/(-3) - -6?
2
Suppose 10 = -2*r + 7*r. Suppose 0 = 2*o + 2*x, 0 = 5*o + r*x - 13 + 4. Suppose o*n - 34 = n. What is the remainder when n is divided by 9?
8
Let u = 165 + -118. Calculate the remainder when u is divided by 17.
13
Suppose 381 = 3*d + 99. What is the remainder when d is divided by 19?
18
Let l(x) = -x**2 - 8*x - 4. Let a be l(-6). Suppose -4*n - a = -2*b + 8, -2*n = -2*b + 16. Calculate the remainder when 30 is divided by b.
6
Suppose -20*g + 16*g = -112. Let i = g + -17. What is the remainder when 32 is divided by i?
10
Let u(o) = -o**2 + 8*o - 9. Let n be u(6). Suppose n*b - 3*t = -8*t + 158, -b - 4*t + 62 = 0. Let v = b - 33. Calculate the remainder when v is divided by 7.
6
Let z(c) = -54*c - 1. Let d be z(1). Let x = d + 83. Calculate the remainder when x is divided by 10.
8
Suppose -39 = -5*v - 24. Calculate the remainder when 22 is divided by v.
1
Let j(a) = 2*a + 14. Let g(m) = 4*m + 27. Let d(o) = -6*g(o) + 11*j(o). Calculate the remainder when 52 is divided by d(-13).
16
Suppose -4*j - 54 + 10 = 0. Let a = -6 - j. Suppose 60 = 4*s + s + 2*u, -2*s + a*u = 5. What is the remainder when 28 is divided by s?
8
Let l = -88 - -56. Let y = l + 69. Suppose -i + 12 = -g - 0, 4*i + 2*g = 54. Calculate the remainder when y is divided by i.
11
Suppose 9 + 61 = 5*s. What is the remainder when 20 is divided by s?
6
Suppose -3*s - 46 = -154. What is the remainder when s is divided by 19?
17
Let a = -3 + 5. Suppose -48 = -2*i - a*i. Calculate the remainder when 35 is divided by i.
11
Suppose -5*c + 0*c = -65. Calculate the remainder when 36 is divided by c.
10
Suppose 0*o + o = 8. What is the remainder when (-5 - -13)*7/4 is divided by o?
6
Suppose 3*v + 0*k - 38 = k, 4*k = -2*v + 44. Suppose 5*i + 2 = 3*d + 36, -5*i = 2*d + 6. Let g = 13 + d. What is the remainder when v is divided by g?
4
Let l = -164 - -239. Let q be l/(-6) - 2/4. Let x = 19 + q. Calculate the remainder when 10 is divided by x.
4
Let g = 10 + -5. Suppose -2*o + 2*b + 22 = 6, g*b - 30 = -5*o. What is the remainder when 13 is divided by o?
6
Suppose 0 = -y + 33 + 53. Let h = y + -44. What is the remainder when h is divided by 11?
9
Suppose -2*h - 12 = -y, -5*h = -0*y + 4*y + 4. Suppose y*r = 6*r - 148. What is the remainder when r is divided by 19?
17
Let n be (1/2 + -1)*2. Calculate the remainder when (6 - 7)/(n/4) is divided by 3.
1
Let l(s) = 2*s**2 + 5*s - 4. Let g be l(-4). Suppose -2 = -2*h + g. Let o(t) = -t + 5. What is the remainder when o(-3) is divided by h?
3
What is the remainder when 2 - (6/(-2))/3 is divided by 3?
0
Suppose 0 = 4*i - 3*y - 0*y - 20, i = -4*y - 14. Suppose 3*w - i*w + 77 = 3*f, -4*f = -3*w - 101. Calculate the remainder when f is divided by 14.
12
Suppose 4*x - z = -2*z + 32, -11 = x + 5*z. Let l = x + -7. Calculate the remainder when l is divided by 2.
0
Let d(v) = -3*v - 13. Suppose -f - 21 = h - 6*h, 3*h + 15 = -4*f. Calculate the remainder when 13 is divided by d(f).
3
Suppose -2*g = 10, 3*g + 10 = 5*t - 0*g. What is the remainder when t/(-2)*282/3 is divided by 12?
11
Let c(w) = -7*w - 15 - 9 + 5 + w**2. What is the remainder when c(15) is divided by 26?
23
Let l = -6 - -9. Suppose 0 = -11*t + 47 + 184. Suppose 2*r - a = 4*a + t, -5*r + l*a = -62. Calculate the remainder when r is divided by 7.
6
Let o(k) = -24*k**2 + k + 2. Let w be o(2). What is the remainder when 2/(-10) + w/(-10) is divided by 3?
0
Calculate the remainder when (40 - (-4 + 5)) + 1 is divided by 14.
12
Let o(p) = -p**3 + 13*p**2 - 21*p + 27. Let z be 1 - -3 - (1 - 1). Suppose 0*f = -z*f + 40. What is the remainder when o(11) is divided by f?
8
Let l(y) = y**2 - 7*y - 4. Let j be l(7). Let f be (-3 - j) + (-3 - -2). Suppose -60 = -f*c - 4*c. Calculate the remainder when c is divided by 8.
7
Let p(q) = q**2 + q + 143. Calculate the remainder when p(0) is divided by 36.
35
Let v(p) = 5*p - 1. Suppose -5*z = 15, -6 = w + w + 2*z. Suppose w = -2*y - 0 + 6. Calculate the remainder when v(y) is divided by 5.
4
Suppose 2*w - 2*a - 12 = 44, a - 84 = -3*w. Calculate the remainder when 81 is divided by w.
25
Suppose -4*s - 68 = -8*s. Suppose 106 = 4*x + 6. Let n = 25 + x. Calculate the remainder when n is divided by s.
16
Let c(j) = -161*j - 1. Let x be c(-2). Suppose x = 2*z + z. What is the remainder when z is divided by 27?
26
Suppose -8*a + 13*a = 45. Calculate the remainder when 33 is divided by a.
6
Suppose 6*f = 61 + 107. Calculate the remainder when 77 is divided by f.
21
Let t = 7 + -3. Sup